hat is the units digit of 9627?
7
What is the tens digit of 1662?
6
What is the hundreds digit of 26740?
7
What is the hundreds digit of 2002?
0
What is the tens digit of 348?
4
What is the tens digit of 2377?
7
What is the hundreds digit of 56641?
6
What is the units digit of 10018?
8
What is the thousands digit of 43908?
3
What is the hundreds digit of 19444?
4
What is the tens digit of 13156?
5
What is the units digit of 916?
6
What is the units digit of 128672?
2
What is the hundreds digit of 3400?
4
What is the units digit of 724?
4
What is the units digit of 381?
1
What is the tens digit of 1023?
2
What is the ten thousands digit of 35727?
3
What is the hundreds digit of 12043?
0
What is the hundreds digit of 589?
5
What is the thousands digit of 17671?
7
What is the thousands digit of 20959?
0
What is the thousands digit of 2363?
2
What is the ten thousands digit of 19819?
1
What is the tens digit of 1544?
4
What is the units digit of 7148?
8
What is the hundreds digit of 9728?
7
What is the units digit of 151?
1
What is the units digit of 62801?
1
What is the units digit of 886?
6
What is the tens digit of 1776?
7
What is the units digit of 438?
8
What is the tens digit of 4218?
1
What is the hundreds digit of 17757?
7
What is the ten thousands digit of 13762?
1
What is the units digit of 558?
8
What is the hundreds digit of 9221?
2
What is the thousands digit of 22864?
2
What is the hundreds digit of 35587?
5
What is the units digit of 21522?
2
What is the units digit of 6561?
1
What is the hundreds digit of 812?
8
What is the units digit of 4693?
3
What is the ten thousands digit of 73229?
7
What is the tens digit of 6898?
9
What is the thousands digit of 3494?
3
What is the thousands digit of 9311?
9
What is the ten thousands digit of 103465?
0
What is the ten thousands digit of 20483?
2
What is the hundreds digit of 2511?
5
What is the units digit of 72?
2
What is the tens digit of 6529?
2
What is the units digit of 9537?
7
What is the tens digit of 2151?
5
What is the units digit of 244?
4
What is the hundreds digit of 98966?
9
What is the tens digit of 3016?
1
What is the hundreds digit of 19628?
6
What is the units digit of 7181?
1
What is the tens digit of 1461?
6
What is the thousands digit of 151009?
1
What is the hundreds digit of 77264?
2
What is the tens digit of 18453?
5
What is the tens digit of 133293?
9
What is the tens digit of 193?
9
What is the ten thousands digit of 18373?
1
What is the thousands digit of 5119?
5
What is the thousands digit of 52274?
2
What is the hundreds digit of 46113?
1
What is the thousands digit of 62280?
2
What is the tens digit of 997?
9
What is the hundreds digit of 1896?
8
What is the units digit of 844?
4
What is the hundreds digit of 166?
1
What is the hundreds digit of 543?
5
What is the units digit of 99972?
2
What is the tens digit of 862?
6
What is the units digit of 6?
6
What is the thousands digit of 9682?
9
What is the hundreds digit of 9320?
3
What is the tens digit of 480?
8
What is the hundreds digit of 4169?
1
What is the units digit of 6010?
0
What is the tens digit of 3643?
4
What is the units digit of 552?
2
What is the units digit of 23183?
3
What is the hundred thousands digit of 111330?
1
What is the tens digit of 7457?
5
What is the hundreds digit of 3629?
6
What is the thousands digit of 11829?
1
What is the units digit of 2513?
3
What is the hundreds digit of 14207?
2
What is the units digit of 1083?
3
What is the tens digit of 2057?
5
What is the thousands digit of 6734?
6
What is the hundreds digit of 61994?
9
What is the tens digit of 376?
7
What is the tens digit of 703?
0
What is the tens digit of 5071?
7
What is the hundreds digit of 750?
7
What is the units digit of 639?
9
What is the units digit of 1847?
7
What is the units digit of 2603?
3
What is the thousands digit of 6243?
6
What is the units digit of 2610?
0
What is the tens digit of 238?
3
What is the ten thousands digit of 20335?
2
What is the hundreds digit of 479?
4
What is the hundreds digit of 1884?
8
What is the ten thousands digit of 15235?
1
What is the tens digit of 943?
4
What is the hundreds digit of 1129?
1
What is the hundreds digit of 39754?
7
What is the hundreds digit of 2968?
9
What is the units digit of 27232?
2
What is the thousands digit of 2989?
2
What is the tens digit of 35?
3
What is the tens digit of 58403?
0
What is the units digit of 740?
0
What is the tens digit of 1224?
2
What is the thousands digit of 3913?
3
What is the tens digit of 90117?
1
What is the units digit of 90715?
5
What is the tens digit of 1323?
2
What is the hundreds digit of 538?
5
What is the ten thousands digit of 36149?
3
What is the tens digit of 41211?
1
What is the ten thousands digit of 31599?
3
What is the hundreds digit of 2559?
5
What is the units digit of 12062?
2
What is the thousands digit of 7224?
7
What is the thousands digit of 7535?
7
What is the units digit of 411?
1
What is the hundreds digit of 350?
3
What is the hundreds digit of 16515?
5
What is the thousands digit of 6530?
6
What is the thousands digit of 2372?
2
What is the units digit of 2403?
3
What is the tens digit of 77157?
5
What is the units digit of 930?
0
What is the hundreds digit of 90934?
9
What is the thousands digit of 3455?
3
What is the tens digit of 21757?
5
What is the hundreds digit of 7644?
6
What is the hundreds digit of 11151?
1
What is the hundreds digit of 8568?
5
What is the units digit of 3652?
2
What is the ten thousands digit of 58088?
5
What is the tens digit of 21976?
7
What is the tens digit of 15996?
9
What is the units digit of 24327?
7
What is the ten thousands digit of 48270?
4
What is the units digit of 1379?
9
What is the tens digit of 100185?
8
What is the ten thousands digit of 13415?
1
What is the ten thousands digit of 71244?
7
What is the tens digit of 8820?
2
What is the thousands digit of 11032?
1
What is the units digit of 8284?
4
What is the tens digit of 25914?
1
What is the hundreds digit of 78346?
3
What is the units digit of 960?
0
What is the thousands digit of 5677?
5
What is the tens digit of 22763?
6
What is the thousands digit of 1416?
1
What is the thousands digit of 27254?
7
What is the tens digit of 46388?
8
What is the tens digit of 6457?
5
What is the tens digit of 1667?
6
What is the tens digit of 74835?
3
What is the units digit of 26439?
9
What is the thousands digit of 14248?
4
What is the tens digit of 1476?
7
What is the ten thousands digit of 10096?
1
What is the units digit of 2166?
6
What is the thousands digit of 61589?
1
What is the units digit of 364?
4
What is the hundreds digit of 4474?
4
What is the hundreds digit of 9021?
0
What is the units digit of 7074?
4
What is the units digit of 40840?
0
What is the hundreds digit of 175659?
6
What is the hundreds digit of 9927?
9
What is the units digit of 412?
2
What is the thousands digit of 4354?
4
What is the tens digit of 9601?
0
What is the thousands digit of 38095?
8
What is the units digit of 36752?
2
What is the thousands digit of 4501?
4
What is the tens digit of 30961?
6
What is the tens digit of 11181?
8
What is the hundreds digit of 3970?
9
What is the units digit of 60568?
8
What is the ten thousands digit of 19080?
1
What is the thousands digit of 1127?
1
What is the ten thousands digit of 17070?
1
What is the tens digit of 7721?
2
What is the units digit of 60670?
0
What is the thousands digit of 163639?
3
What is the thousands digit of 1428?
1
What is the hundreds digit of 16107?
1
What is the ten thousands digit of 70791?
7
What is the hundreds digit of 9319?
3
What is the units digit of 78388?
8
What is the hundreds digit of 29817?
8
What is the hundreds digit of 89482?
4
What is the units digit of 38043?
3
What is the tens digit of 40829?
2
What is the units digit of 142835?
5
What is the units digit of 46897?
7
What is the ten thousands digit of 15246?
1
What is the units digit of 11450?
0
What is the tens digit of 7506?
0
What is the thousands digit of 10750?
0
What is the thousands digit of 1911?
1
What is the hundreds digit of 1832?
8
What is the units digit of 977?
7
What is the thousands digit of 20925?
0
What is the hundreds digit of 1137?
1
What is the hundreds digit of 8465?
4
What is 